{"id":30,"date":"2018-07-16T23:43:50","date_gmt":"2018-07-16T23:43:50","guid":{"rendered":"http:\/\/box5666.temp.domains\/~gabrigo3\/?page_id=30"},"modified":"2022-07-02T11:37:26","modified_gmt":"2022-07-02T14:37:26","slug":"principal","status":"publish","type":"page","link":"https:\/\/gabrielpoli.com\/","title":{"rendered":"Sobre"},"content":{"rendered":"<p style=\"text-align: left;\"><img loading=\"lazy\" decoding=\"async\" class=\"wp-image-97 alignright\" src=\"http:\/\/gabrielpoli.com\/wp-content\/uploads\/2022\/05\/foto-site-300x300.jpg\" alt=\"\" width=\"277\" height=\"277\" srcset=\"https:\/\/gabrielpoli.com\/wp-content\/uploads\/2022\/05\/foto-site-300x300.jpg 300w, https:\/\/gabrielpoli.com\/wp-content\/uploads\/2022\/05\/foto-site-1024x1024.jpg 1024w, https:\/\/gabrielpoli.com\/wp-content\/uploads\/2022\/05\/foto-site-150x150.jpg 150w, https:\/\/gabrielpoli.com\/wp-content\/uploads\/2022\/05\/foto-site-768x768.jpg 768w, https:\/\/gabrielpoli.com\/wp-content\/uploads\/2022\/05\/foto-site.jpg 1165w\" sizes=\"auto, (max-width: 277px) 100vw, 277px\" \/>Coordenador de projetos de inova\u00e7\u00e3o aberta do IPT Open, programa de Inova\u00e7\u00e3o Aberta do Instituto de Pesquisas Tecnol\u00f3gicas do Estado de S\u00e3o Paulo e pedra fundamental do CITI, o distrito de inova\u00e7\u00e3o do Governo do Estado de S\u00e3o Paulo.<\/p>\n<p>Consultor atuante em projetos de Pol\u00edticas P\u00fablicas, Cidades Inteligentes, Tecnologia e Inova\u00e7\u00e3o para organiza\u00e7\u00f5es como o Banco Interamericano de Desenvolvimento (BID) e a Deutsche Gesellschaft f\u00fcr Internationale Zusammenarbeit (GIZ) GmbH.<\/p>\n<p style=\"text-align: left;\">Foi respons\u00e1vel t\u00e9cnico pela expans\u00e3o do programa WiFi Livre SP, pol\u00edtica p\u00fablica de conectividade e inclus\u00e3o digital da Secretaria Municipal de Inova\u00e7\u00e3o e Tecnologia da Prefeitura de SP, em pouco mais de um ano, das 120 localidades iniciais para mais de 300, ao mesmo tempo reduzindo em mais de 90% o custo do programa aos cofres p\u00fablicos.<\/p>\n<p>Doutorando e Mestre pela Faculdade de Arquitetura e Urbanismo da USP, onde estuda Cen\u00e1rios Urbanos Futuros, Cidades Inteligentes, Inova\u00e7\u00e3o e Tecnologia aplicadas na escala da cidade.<\/p>\n<p>Fundou e coordena o Grupo de Cen\u00e1rios Urbanos Futuros, sediado na FAU-USP e residente do Mobilab.<\/p>\n<p style=\"text-align: left;\">Engenheiro de Sistemas Eletr\u00f4nicos pela Poli &#8211; USP, com ampla experi\u00eancia pr\u00e1tica e te\u00f3rica em desenho, prototipagem, teste e implementa\u00e7\u00e3o de sistemas embarcados, sensores, aquisi\u00e7\u00e3o e tratamento de sinais, modelagem, simula\u00e7\u00f5es, interfaces homem-m\u00e1quina, protocolos de comunica\u00e7\u00e3o M2M, machine learning, redes neurais, ci\u00eancia e an\u00e1lise de dados, redes de comunica\u00e7\u00e3o e projeto de circuitos integrados (processadores, mem\u00f3rias, etc.).<\/p>\n<p style=\"text-align: left;\">Foi coordenador do Grupo de Trabalho de Impactos Sist\u00eamicos da Carta Brasileira de Cidades Inteligentes e \u00e9 membro da C\u00e2mara Brasileira de Cidades 4.0.<\/p>\n<p style=\"text-align: left;\">Pesquisador do Instituto Nacional de Ci\u00eancia e Tecnologia (INCT) Internet do Futuro para Cidades Inteligentes, onde se produz pesquisa, projetos e conhecimento transdisciplinar sobre TICs e suas aplica\u00e7\u00f5es pr\u00e1ticas nas cidades, e do Grupo de Pesquisa RITe &#8211; &#8216;Representa\u00e7\u00f5es: imagin\u00e1rio e tecnologia&#8217; (CNPq), associado ao Centre de Recherches Internationales sur l&#8217;Imaginaire CRI2i.<\/p>\n<p style=\"text-align: left;\">Foi diretor do TETO Brasil, uma OSCIP internacional voltada para desenvolvimento comunit\u00e1rio, promo\u00e7\u00e3o de consci\u00eancia e a\u00e7\u00e3o social e incid\u00eancia pol\u00edtica, com atua\u00e7\u00e3o em assentamentos prec\u00e1rios.<\/p>\n<p style=\"text-align: left;\">Certificado pela APMG International em gest\u00e3o de projetos de desenvolvimento segundo a metodologia PMD, adapta\u00e7\u00e3o do modelo PMBOK para o setor social.<\/p>\n","protected":false},"excerpt":{"rendered":"<p>Coordenador de projetos de inova\u00e7\u00e3o aberta do IPT Open, programa de Inova\u00e7\u00e3o Aberta do Instituto de Pesquisas Tecnol\u00f3gicas do Estado de S\u00e3o Paulo e pedra fundamental do CITI, o distrito de inova\u00e7\u00e3o do Governo do Estado de S\u00e3o Paulo. Consultor atuante em projetos de Pol\u00edticas P\u00fablicas, Cidades Inteligentes, Tecnologia e Inova\u00e7\u00e3o para organiza\u00e7\u00f5es como o [&hellip;]<\/p>\n","protected":false},"author":2,"featured_media":0,"parent":0,"menu_order":0,"comment_status":"closed","ping_status":"closed","template":"","meta":{"om_disable_all_campaigns":false,"_monsterinsights_skip_tracking":false,"_monsterinsights_sitenote_active":false,"_monsterinsights_sitenote_note":"","_monsterinsights_sitenote_category":0,"footnotes":""},"class_list":["post-30","page","type-page","status-publish","hentry"],"_links":{"self":[{"href":"https:\/\/gabrielpoli.com\/index.php?rest_route=\/wp\/v2\/pages\/30","targetHints":{"allow":["GET"]}}],"collection":[{"href":"https:\/\/gabrielpoli.com\/index.php?rest_route=\/wp\/v2\/pages"}],"about":[{"href":"https:\/\/gabrielpoli.com\/index.php?rest_route=\/wp\/v2\/types\/page"}],"author":[{"embeddable":true,"href":"https:\/\/gabrielpoli.com\/index.php?rest_route=\/wp\/v2\/users\/2"}],"replies":[{"embeddable":true,"href":"https:\/\/gabrielpoli.com\/index.php?rest_route=%2Fwp%2Fv2%2Fcomments&post=30"}],"version-history":[{"count":2,"href":"https:\/\/gabrielpoli.com\/index.php?rest_route=\/wp\/v2\/pages\/30\/revisions"}],"predecessor-version":[{"id":119,"href":"https:\/\/gabrielpoli.com\/index.php?rest_route=\/wp\/v2\/pages\/30\/revisions\/119"}],"wp:attachment":[{"href":"https:\/\/gabrielpoli.com\/index.php?rest_route=%2Fwp%2Fv2%2Fmedia&parent=30"}],"curies":[{"name":"wp","href":"https:\/\/api.w.org\/{rel}","templated":true}]}}